Calculate the remainder when 38 is divided by p.
8
Suppose 13 = -2*s + 91. Calculate the remainder when 73 is divided by s.
34
Suppose 2*f - 145 = -3*g + 3*f, 3*f - 176 = -4*g. Calculate the remainder when 139 is divided by g.
45
Let b = 43 + -22. Calculate the remainder when 80 is divided by b.
17
Let z = -3 - -6. Suppose 164 = z*u - u. Calculate the remainder when (-2 + (-10)/(-4))*u is divided by 14.
13
Suppose -2*s + 3*s = 3. Suppose -s*c + 0*x = -x - 149, 5*c + 2*x - 252 = 0. Calculate the remainder when c is divided by 26.
24
Let j be -1*(1 - (2 - -2)). Suppose -k = -3*c + 4, -4*k - 2*c = -j*c - 6. Calculate the remainder when k is divided by 2.
0
Suppose 36 + 6 = d + 3*n, 4*n = 8. What is the remainder when d is divided by 10?
6
Calculate the remainder when 23*(-3 - 1)/(-4) is divided by 6.
5
Let g(a) = -2*a + 7. Calculate the remainder when 61 is divided by g(-12).
30
Suppose 0 = -5*w + 10 + 15. Let v(y) = -6*y**2 + 6*y + 4. Let p be v(w). Let s = -79 - p. What is the remainder when s is divided by 13?
11
What is the remainder when (10 - (-3)/3)/(1 - 0) is divided by 2?
1
Suppose -7*o = 4 - 25. Suppose -3*b = -2*l + 44, -3*l - 6 + 18 = 0. Calculate the remainder when b/(1 - 5/2) is divided by o.
2
Suppose 5*j - 3*s = 296, 2*j - 232 = -2*j + 4*s. Let b = 11 + j. Calculate the remainder when b is divided by 25.
22
Let f(y) = y**3 + 9*y**2 - 13*y - 1. What is the remainder when 57 is divided by f(-10)?
28
Let s = 69 - 42. Calculate the remainder when s is divided by 6.
3
Suppose o - 13 = -5*r, -4*r - r = -5*o + 5. Suppose 4*l - r*l + 10 = 0. Calculate the remainder when (-12)/(-30) - 68/l is divided by 8.
6
Suppose 76 = 12*j - 8*j. What is the remainder when 74 is divided by j?
17
Let s be (-14)/(-6) + 7/(-21). Suppose 3*t = 4*z + 37, s*t - z = z + 24. Suppose -3*i + 4 = -2*i. What is the remainder when t is divided by i?
3
Let h(p) = -8*p**3 - p**2 + 1. Calculate the remainder when 63 is divided by h(-1).
7
Let m(n) = -n + 14. Let l be 4 + 1 + 3 - -3. What is the remainder when 7 is divided by m(l)?
1
Let m(r) = -r**3 - 20*r**2 + 19*r - 27. Suppose 0 = -3*h + 2 + 22. Calculate the remainder when m(-21) is divided by h.
7
Suppose -p + 0 - 10 = -4*c, 5*c = 4*p - 4. Let t = 8 - p. What is the remainder when t is divided by 1 - (-2)/4*0?
0
Let v(z) = -z**3 - z**2 - 1. Calculate the remainder when 3 is divided by v(-2).
0
Let i = 66 - 46. Calculate the remainder when 137 is divided by i.
17
Suppose -5*s = 3*y - 39, s - 3*y - 19 = 2*y. What is the remainder when 15 is divided by s?
6
Let c(k) = -4*k + 26. Calculate the remainder when 94 is divided by c(3).
10
Let r(y) = y**3 + 6*y**2 - y - 4. Let s be r(-6). Suppose -4*g = -2*b + 36, 2*g + 0*b + 14 = s*b. Let q = 3 - g. What is the remainder when 40 is divided by q?
12
Let u = -7 - -19. What is the remainder when 31 + (-6)/4*(-32)/12 is divided by u?
11
Let i = 58 + -24. Suppose 2*m + 14 = 38. Calculate the remainder when i is divided by m.
10
Let c(s) = -s - 1. Let j(x) = -1. Let u(d) = -c(d) + 3*j(d). Calculate the remainder when 17 is divided by u(7).
2
Let h be (-2)/3 - (-32)/12. Suppose h*z + 4 = 4*z. Calculate the remainder when z is divided by 2.
0
Let n(l) = -l**3 + 5*l**2 + 4*l + 8. Let q be n(6). Let d = q - -2. Calculate the remainder when 6 is divided by 15/4 - d/8.
2
Suppose 0 = 6*i - 4*i - 4. Calculate the remainder when i is divided by 1.
0
Let n(a) = 17*a**2 - 1. Let g be (-49)/(-63) + 4/18. Calculate the remainder when n(g) is divided by 6.
4
Suppose 0 = 4*i + 5*o - 47, -2*o - 34 = -5*i - 0*o. Let s be (-5)/(-15) + (-104)/6. Let z = -2 - s. Calculate the remainder when z is divided by i.
7
Let u = 5 + -12. Let p = u + 15. What is the remainder when 15 is divided by p?
7
Let d = -60 - -64. Calculate the remainder when 29 is divided by d.
1
Suppose 2*x - 14 + 0 = 0. Calculate the remainder when 18 is divided by x.
4
Let p(a) = -a**3 - a**2 - a + 10. Let r be p(0). Suppose 4*v - r = -v. What is the remainder when v + (-2)/(-4)*34 is divided by 7?
5
Suppose p = 5*p + 5*r - 67, 5*p - 80 = -5*r. Suppose -3*a = -187 + p. What is the remainder when a is divided by 20?
18
Suppose -4*i - 5*g + 404 = 0, 2*i - g + 2*g - 196 = 0. Suppose -5*a + 239 = -i. What is the remainder when a is divided by 14?
11
Let t be ((-4)/3)/((-2)/3). Let d = t - -7. What is the remainder when d is divided by 4?
1
Let v = 16 + -10. Let d(s) = -s**3 + 7*s**2 - 6*s + 4. Calculate the remainder when 5 is divided by d(v).
1
Suppose 137*g - 18 = 136*g. What is the remainder when 28 is divided by g?
10
Suppose -9*n - 160 = -4*n. Let j be n - 0/(1 - 2). Let l = j - -47. What is the remainder when l is divided by 8?
7
Suppose -12 - 60 = -2*m. What is the remainder when m is divided by 13?
10
Let d(y) be the first derivative of -y**3/3 - 13*y**2/2 - 15*y + 4. What is the remainder when 58 is divided by d(-10)?
13
Suppose d - 235 = -4*d. Let a(u) = 2*u**2 + 5*u + 4. Calculate the remainder when d is divided by a(-4).
15
Let p = 23 + -19. Calculate the remainder when p is divided by 3.
1
Suppose -w - 4*w - x + 106 = 0, x + 41 = 2*w. What is the remainder when 60 is divided by w?
18
Let s = 143 + -102. What is the remainder when 79 is divided by s?
38
Let d be 399/28*8*-1. Let f = -59 - d. Calculate the remainder when f is divided by 14.
13
Let p be 15/5 + 90 + 0. Suppose 5*a = 2*a + p. Calculate the remainder when a is divided by 16.
15
Calculate the remainder when 48 is divided by 0 - 2*1*(-50)/20.
3
Calculate the remainder when 195 is divided by (576/80)/(4/10).
15
Suppose -12 = -x + 4. Let q = 45 + -39. What is the remainder when x is divided by q?
4
Let t = -5 - -4. Calculate the remainder when 20/(t/(-1) - 0) is divided by 7.
6
Calculate the remainder when (-6)/(-9)*(-69)/(-2) is divided by 8.
7
Suppose 4*w - 153 = -5*k, 4*w - 71 = -3*k + 24. Suppose 0 = 6*h - h + 50. Let v = k + h. Calculate the remainder when 56 is divided by v.
18
Suppose g = -5*k + 151, -4*k - 4*g = -2*g - 122. What is the remainder when k is divided by 17?
13
Let n = -9 + 9. Suppose -r + 3 + 5 = n. Calculate the remainder when 6 is divided by (r - 7)*4*1.
2
Suppose 0 = -2*d - b + 114, -5*d - 8*b + 3*b + 275 = 0. Let a(m) = -3*m + 16. Let q be a(12). Let u = 40 + q. What is the remainder when d is divided by u?
19
Suppose -2*k - 20 = -3*r + 3*k, 5*k + 30 = 5*r. Let t = r + 2. What is the remainder when 6*((-32)/(-6) - 2) is divided by t?
6
Let a(l) = l**3 + 6*l**2 - 6*l + 7. Let t be a(-7). Suppose -36 = -2*n + n + 5*x, t = 3*n + 3*x - 162. What is the remainder when n is divided by 13?
12
Suppose 2*p = -3*l + 74, -21 = -l - 2*p + 5. What is the remainder when 46 is divided by l?
22
Suppose -4*i = -i + 5*h - 2, -10 = 3*i + 2*h. Let g be i/21 + 38/(-14). Calculate the remainder when 1 is divided by g/(-18)*-2*-3.
0
Let v be 12*-4*5/(-30). Suppose 0 = 5*b - 12 - 58. Calculate the remainder when (-3)/2 - (-324)/v is divided by b.
11
Let r(j) = j + 53. Let d(z) = -z**3. Let n be 3 + -1*(-1 + 4). Let a be d(n). What is the remainder when r(a) is divided by 14?
11
Suppose -4*o + 5*l + 113 = 0, -4*o + 80 + 24 = 4*l. What is the remainder when o is divided by (-2 + 9)*(5 - 4)?
6
Let u(t) = t**3 - 8*t**2 + 5*t - 4. What is the remainder when 142 is divided by u(8)?
34
Let j(f) = -f**2 + 6*f + 24. Calculate the remainder when 65 is divided by j(7).
14
Let o(b) = 6*b - 6. Calculate the remainder when o(4) is divided by ((-10)/(-4) + -1)*8/3.
2
Let u = 20 - 11. Calculate the remainder when 23 is divided by u.
5
Let m = 21 + -14. Suppose -2*p - n + 39 = 14, -3*n = p - 15. Calculate the remainder when p is divided by m.
5
What is the remainder when (392/(-10) - -4)/((-3)/15) is divided by 45?
41
Suppose -d + 5*d - 4 = 0. Let u be 11/1 - (-1 + d). Let t = -6 + u. Calculate the remainder when t is divided by 3.
2
Suppose 2*b + 6 = -2*x, -b = -2*b + 2*x + 9. Calculate the remainder when 32 is divided by (1 + 13)*b - 3.
10
Suppose -4*v = -8*v + 76. Let t = v + -7. Calculate the remainder when (t + 1)/((-7)/(-7)) is divided by 7.
6
Let h = -16 + 26. Let l = h - -1. What is the remainder when 53 is divided by l?
9
Suppose 0 = -q + 6 - 4. Suppose n - 18 = -n - 2*w, 0 = -n + 4*w + 14. Suppose -3*p + 8*p = n. What is the remainder when q is divided by p?
0
Calcul